ose 8*f - 55 = 5*z + 5*f, z = 4*f - 28. Calculate m(z).
0
Let z(w) = 2*w - 45 + 41 + w**2 + 1. Let n = 8 - 14. Determine z(n).
21
Let v(f) be the first derivative of f**3/3 - f**2/2 - 55. Give v(3).
6
Let x = 652 - 656. Let t(y) = 2*y**3 + 9*y**2 + 5*y. Determine t(x).
-4
Let f(h) = -h + 536 - h**2 - 542 + 9*h. Determine f(6).
6
Let k be 87/9 + (-5)/(-15). Let b(x) = x - 7. Let i be b(k). Let u(j) = -2*j + i + 4 - 5 + 0 + 2*j**2. Give u(2).
6
Suppose x - 3*q = 1 - 3, 0 = 5*x + 5*q + 30. Let b(w) = 3*w - 8. Let o(y) = -4*y + 9. Let n(s) = -5*b(s) - 4*o(s). What is n(x)?
-1
Let c(i) = i - 2. Let j(f) = -1. Let o = -8 - -14. Let u(q) = o*j(q) + c(q). Determine u(-6).
-14
Let t(q) be the third derivative of 35*q**4/24 - q**2 + 24. Let c(v) = 12*v. Let s(x) = -14*c(x) + 5*t(x). What is s(1)?
7
Let b(w) be the second derivative of w**4/12 + w**3 - 116*w. Give b(-4).
-8
Let p(m) = -m**2 - 5*m + 4. Let z be (5/2)/(37/(-74)). Give p(z).
4
Suppose 2*k - 2*l = 6, -2*l + 6*l - 15 = -5*k. Let d be (-16)/24 + (-13)/k. Let x(b) = -b**2 - 6*b - 1. Let f be x(d). Let w(g) = g + 2. What is w(f)?
6
Let k(q) = 8*q - 3. Let m(o) = -16*o - 9. Let a be m(-1). Let t(c) = 9*c - 3. Let v(j) = a*k(j) - 6*t(j). Calculate v(4).
5
Let t be 9/(-2*3/6). Let w = t + 15. Suppose 0 = -5*h - 4*n + w, 8 = 2*n - 0*n. Let k(q) = -q**3 - 3*q**2 - 4*q - 3. Give k(h).
1
Let z(l) = 13*l**2 + 7*l - 3. Let t(p) = 37*p**2 + 20*p - 8. Let g(y) = 6*t(y) - 17*z(y). What is g(2)?
9
Let y(n) be the third derivative of -n**4/12 - n**3/2 + n**2. Let v = 1408 - 1413. What is y(v)?
7
Let b(m) = 2*m**3 - 2*m**2 - m + 3. Let f be b(1). Let c(q) be the first derivative of -2/3*q**3 - 2*q - 12 - 1/2*q**4 + 1/2*q**f. What is c(-2)?
4
Suppose -28*p = -22*p. Suppose 2*b - 5*k + 21 = p, 4*b + 4 = b + 2*k. Let y(u) = 4*u - 2. What is y(b)?
6
Let a = 21 + -17. Let b(j) = -5*j**2 + 3*j**2 + j**2 + j - 3 + a*j. What is b(5)?
-3
Let z(m) be the second derivative of -m**3/6 + 9*m**2/2 + 42*m - 1. Let r be z(9). Let l(n) = n - 21. Determine l(r).
-21
Let x(w) = -w + 11. Let z(p) = 2*p**2 + 6*p - 1. Suppose 3*q + 4*j + 12 = 0, 5*q + 0*j + 5*j = -20. Let a be z(q). Calculate x(a).
4
Let d(o) = -14*o**2 + 0*o - 3*o - 13*o**2 + 6 + 26*o**2. Calculate d(-8).
-34
Let x(t) = 3 + 16*t**2 - 4 + 0 - 6*t - 17*t**2 + 2. Suppose 0 = 3*i - 2*j + 10, 5*i + 25 = -j - 4*j. Determine x(i).
9
Let o(i) = -11*i**2 - 2*i - 11. Let x(m) = -50*m**2 - 6*m - 45. Let v(z) = 9*o(z) - 2*x(z). What is v(6)?
-9
Let h(n) = 8*n**2. Let x = -282 - -283. Give h(x).
8
Let p be (68/(-51))/(1/(-3)). Suppose 4*c - 22 = -t, p*t + c - 18 = -c. Let f(k) = -4*k - 1. Determine f(t).
-9
Let t(k) = -2*k - 6. Let y(d) = -5*d + 158. Let p be y(33). Determine t(p).
8
Let d(p) be the second derivative of p**4/24 + p**3 + p**2/2 - 2*p. Let l(v) be the first derivative of d(v). Let f be 5/3 - (-180)/(-27). What is l(f)?
1
Let k(b) = b**2 - 2*b - 9. Suppose -36 = -4*a + 31*n - 35*n, -2*a + 2*n + 2 = 0. Calculate k(a).
6
Let l(c) = c**3 + 3*c**2 - 6*c - 6. Suppose 8 = -4*y + 4*g, 4*g - g = -y - 10. Give l(y).
2
Let w(o) be the third derivative of o**5/60 - 7*o**4/24 + 5*o**3/6 - 2*o**2 - 52*o. Determine w(6).
-1
Let r(m) = -6 + 55*m + 2*m**2 + 40*m - 107*m - 4*m**2. What is r(-6)?
-6
Suppose 168 = -7*r + 35*r. Let q(z) be the third derivative of z**5/60 - 7*z**4/24 + z**3/6 - z**2. Determine q(r).
-5
Let m(x) = -4*x - 1. Let g be m(-1). Suppose -20 = 5*j - g*j - z, -4*j - 2*z - 24 = 0. Let i(u) = -u - 10. Calculate i(j).
-2
Suppose -2*n + 43 - 31 = 0. Let b(d) = 0*d + 0*d - 5 + d. Give b(n).
1
Let t(p) = -4 - 5 + 0 + 4. Let i(n) = -n - 1. Let r(b) = -4*i(b) + t(b). Determine r(-5).
-21
Let f(p) = 4*p**2 + 4 + 0*p**2 - 2*p - 5*p**2. Let n(m) = -84*m - 255. Let i be n(-3). Calculate f(i).
1
Let n be (-33)/7 + 4/(-14). Let t(r) = r + 10. Let c be t(-5). Let p(s) = -1698 - 2*s**3 - 2*s + 1693 + 3*s**3 + c*s**2. Determine p(n).
5
Let d(q) be the first derivative of -q**5/120 - 13*q**4/24 - 26*q**3/3 - 8. Let y(s) be the third derivative of d(s). Give y(0).
-13
Suppose -6*n = -n + 2*u, -5*u - 23 = n. Let q(c) = -13 + c**3 - 2*c**3 + c**2 + 2*c + n*c + 14. Suppose -7*r + 7 + 14 = 0. What is q(r)?
-5
Let y be (-9)/(-2) + 5/10. Let k(d) be the third derivative of 5/24*d**4 - 1/120*d**6 + 1/15*d**5 + 0 - d**3 - 11*d**2 + 0*d. What is k(y)?
-6
Let c(w) be the third derivative of w**6/120 - w**5/10 - w**4/24 + 5*w**3/6 - 444*w**2. Let n = -6 - -12. What is c(n)?
-1
Suppose -45*n + 24 = -39*n. Let p(z) = -z**3 - 23*z**2 - n + 8*z**2 + 14*z**2. Determine p(0).
-4
Let o(q) be the first derivative of 28 + 1/4*q**4 + 2*q + 5/3*q**3 + 5/2*q**2. Calculate o(-3).
5
Suppose -5*z - 5*q = -5, -z - 9 = -2*z + 3*q. Let c(l) = 3*l - 2*l + 164 - 160 - z*l. Calculate c(5).
-6
Let l = -308 - -299. Let z(m) = -m**3 - 9*m**2 - m - 7. Calculate z(l).
2
Let g(f) be the first derivative of -f**4/4 - f**3/3 + 2*f**2 - f + 9. Let r(l) = 2*l**2 - 4*l**3 - l + 3*l**2 - 3*l**2. Let t be r(1). Give g(t).
5
Suppose 2*h - 6 = h. Let q(c) be the first derivative of -c**3/3 + 2*c**2 + 6*c - 510. Determine q(h).
-6
Suppose -3*y + 25 = 2*y. Suppose 5 = -0*b - y*b, -b = q + 1. Let f(a) = q + 24*a - 19*a - 1. What is f(1)?
4
Let j(t) = -32*t + 736. Let i be j(23). Let l(c) = -c**3 + 22. Calculate l(i).
22
Let j(s) be the first derivative of 7*s**2/2 + 14*s + 33. Let a(h) = 3*h + 7. Let f(z) = -5*a(z) + 2*j(z). What is f(5)?
-12
Let c(w) be the third derivative of -w**6/240 - w**5/24 - 3*w**4/8 - 21*w**2. Let r(j) be the second derivative of c(j). What is r(5)?
-20
Let q(t) be the third derivative of -t**5/60 + 11*t**4/24 + 7*t**3/3 - 99*t**2. Determine q(11).
14
Suppose -10*x = -6*x - 24. Suppose 0*w = -w - x. Let r(u) = -u**3 - 7*u**2 - 8*u - 4. Determine r(w).
8
Suppose 0 = -4*q + 8*q. Suppose q = -5*s - 0*s + 10. Let k(r) = r + 4 - 9 - 5*r + s*r. What is k(4)?
-13
Let m(i) = -3 + 3*i**3 + i + 17*i**2 + 7*i + 4*i - 19*i. Give m(-6).
3
Suppose 0 = -5*t - 4 + 19. Suppose -s - t = -6. Let i(u) = -3*u**3 - 6*u**3 - 2*u - 4 + 8*u**s - 3*u**2. Determine i(-3).
2
Let b(l) = -l**3 + 8*l**2 + 9*l - 6. Suppose -3*d = 3*y - 12, -5*d + y = -d - 6. Suppose d*i - 14 = 4. Calculate b(i).
-6
Let m = 1199 + -1195. Let j(i) be the second derivative of -i**4/6 + 5*i**3/6 + i**2/2 + 5*i. Give j(m).
-11
Let p(h) = h**2 - 3*h - 3. Let w = 38 + -34. Suppose 3*f + 0*l = -2*l + 2, -4*f - 4*l = w. Calculate p(f).
1
Let a(u) = -u**3 + 5*u**2 - 3*u + 5. Let y be 5/3*(-9)/(1*-3). Suppose 0 = -y*h + 4*m, 3*m - 9 = 4*h - 2*m. Calculate a(h).
9
Let x be 258/30 - 3 - (-3)/(-5). Suppose -2*w + 8 = -3*z, 4*z + 6*w - 2*w = 16. Let t(c) = 3 + z - c + 1. Determine t(x).
-1
Let l(a) be the second derivative of -a**3/6 - 2*a**2 - 14*a. Let q be ((-24)/(-5))/((-3)/(-10)). Let v = q - 22. Give l(v).
2
Let t(g) be the first derivative of 2*g**2 - 2*g + 90. What is t(2)?
6
Let o(r) = r - 20. Suppose 0 = -83*c + 68*c + 150. What is o(c)?
-10
Let y(j) = -j**2 - 12*j - 16. Let v be y(-11). Let a = -21 + 12. Let d = v - a. Let t(p) = -p**3 + 6*p**2 - 7*p + 4. Determine t(d).
8
Let q(u) = -u**2 - 3*u + 2. Let m be q(-3). Let t(v) = -2 + 3 + 0 - m. Let g(i) = 11*i + 7. Let r(f) = -g(f) - 6*t(f). What is r(1)?
-12
Let h(b) = -b + 8. Let p = 87 - 76. What is h(p)?
-3
Let m be (-220)/495 + 4/9. Let a(c) = c**2 - c + 20 + c - c - 2*c**2. What is a(m)?
20
Let j(p) = -4*p - 88. Let g be j(-22). Let a(z) = -z**2 + z + 2. Calculate a(g).
2
Let k(i) = -6*i**3 - i - 1. Let a be k(-1). Suppose -2*h + 31 = 5*x, 3 = -a*h + 2*h + 3*x. Let b(c) = -2 + 3 + 0*c + 0*c - 961*c**2 + 960*c**2. Give b(h).
-8
Suppose 266 = -30*l - 34. Let m(j) = -j**3 - 11*j**2 - 10*j - 9. What is m(l)?
-9
Let t(k) be the second derivative of k**4/3 + k**3/2 - k**2 - 4*k - 39. Calculate t(2).
20
Suppose 2*h - 2*u - 8 = 0, 2*h + u + 2*u = 13. Let f(o) = 28*o**3 - o - 2 - 29*o**3 + h*o**2 + 0 - 4*o**2. Calculate f(0).
-2
Let n(z) = -z + 3. Suppose -3*f = -3*g - 3, -23 = -2*g - 3*g - 2*f. Suppose -i = 4*i - g*j - 23, -2*j = -i - 1. Determine n(i).
-4
Let b(p) = -7*p + 10. Let o(t) = t**2 - 5*t + 12. Let w(r) = -4*b(r) + 3*o(r). Give w(-5).
6
Let w(u) = -u**2 + 4. Let q = -15 - -12. Let k be 0/((-6*1)/q). Suppose k = -5*p + 5*a + 25, -3*p = a - 1 - 6. What is w(p)?
-5
Let r(x) = -x**2 + 7*x - 5. L